-7?
4
3 + (-6 - -2) + -4
-5
Calculate 5 + -4 + 0 + -6.
-5
What is 0 + (-9 - (4 - 8)) + 8?
3
Calculate -5 + (5 - (-1 - -4)).
-3
What is (-4 - -3) + 6 + (1 - 2)?
4
Evaluate (-8 - (-1 - -1)) + (8 - 5).
-5
9 + -20 - (-2 + 2 + -2)
-9
Evaluate 1 - (6 + (5 - 6) - 9).
5
(-9 - -4) + 9 - 3
1
What is the value of -2 + -6 + -2 - -12?
2
What is (4 - (6 - (-1 + -2))) + -3?
-8
-6 + 0 + 9 - 1
2
Calculate 0 + 1 + (2 - (3 - 1)).
1
What is the value of (6 - 0) + -32 + 29?
3
Calculate (-14 + 14 - -3) + -6.
-3
Calculate 0 + (-1 - (2 - 4)).
1
(-10 - (-2 - (-1 - -5))) + 5
1
What is (7 + -6 - 19) + 10?
-8
Evaluate 3 - (-17 + 10 - (0 - 6)).
4
Calculate -1 + 1 + -7 + 8 + -4.
-3
What is 0 + -1 - (1 + -1) - -6?
5
Evaluate (-2 - 0) + (-6 - (2 - 8)).
-2
Evaluate (-1 - -4) + (-4 - 0).
-1
-4 - (4 + 1) - (-1 - 3)
-5
What is the value of 20 + 1 + -9 - 6?
6
What is (3 - -10 - 5) + -10?
-2
What is (2 - 8) + 5 - 2?
-3
What is -2 + -4 + 1 + 10?
5
What is the value of -1 + (-5 + 4 - 0)?
-2
(10 - 7) + 9 - 5
7
Evaluate (-2 - (0 + -3)) + 1 + 0.
2
Calculate 0 + 0 + 0 + -3.
-3
What is -57 - -50 - (0 - 7)?
0
2 + (4 - (0 + 3)) + -5
-2
What is 1 - (-1 - 0) - 7?
-5
(-4 - (-8 - -6)) + 7
5
(-2 - 1) + (-1 - (-9 - 0))
5
0 + -1 + (-3 - (-1 - 5))
2
Calculate (6 - 0) + -17 + 10.
-1
Evaluate -2 - (-4 + 1 + -1).
2
Evaluate (1 - 2) + (-10 - -4 - -7).
0
What is 18 + 5 + -11 - 6?
6
Calculate -6 + 12 - (6 + -2).
2
Calculate -6 - -16 - 2 - 2 - 8.
-2
Calculate -11 + 0 + -6 + 10.
-7
6 + 14 + (-26 - -6)
0
2 - (1 + (-3 + 2 - -1))
1
Calculate 1 - -3 - (11 + -7 + -4).
4
Evaluate -5 - (12 + -6 + -2) - -5.
-4
Evaluate (-3 - 0) + -9 + 14.
2
What is the value of -5 - (-6 + 0 + 2)?
-1
Calculate -3 + (6 - 1 - 2).
0
What is the value of -5 + 8 - 4 - (-3 + 7)?
-5
6 + -1 + 10 + -7
8
Evaluate (-5 - -1) + (-15 - -15).
-4
(-8 - (2 - 4)) + 2
-4
What is the value of -7 - -4 - -7 - -1?
5
What is -1 + -1 + -7 + 4?
-5
Calculate -3 + 2 + (3 - 1) + -2.
-1
Evaluate -5 + (-2 - (-8 - -2)) + 3.
2
What is the value of 1 + 3 + (-3 - -2) + 2?
5
Calculate 2 + 6 + 0 + -12.
-4
Evaluate (1 - 1) + 6 + 12 + -13.
5
Calculate 5 + 2 + -4 + 4 - 3.
4
Evaluate 10 - (10 + (6 - 5)).
-1
What is -11 + (5 - 1) - -5?
-2
What is -3 + 2 + (-1 - 1 - -7)?
4
Calculate 3 + -8 + (-6 - -7).
-4
Calculate (-16 - -14) + (5 - 1) + 2.
4
Calculate 3 + -2 - (-11 - -15).
-3
(10 + -8 - -7) + -4
5
Evaluate 5 + (7 - (-1 + -2 + 9)).
6
Evaluate 27 + -29 - ((0 - 1) + -1).
0
Evaluate 2 + (9 - 7) + -2.
2
Evaluate -4 - (-10 + 8 - (6 + 1)).
5
0 - -7 - (11 + -2)
-2
-13 - -11 - (1 - -1)
-4
What is -9 + (7 + -4 - -1)?
-5
Calculate 1 - (-2 + 2 + (-7 - -4)).
4
Calculate 2 - (-10 + 4 + 12).
-4
Evaluate 8 - (-6 - (5 + -11)).
8
What is 2 + -1 + -5 - (-2 + 1)?
-3
0 + 5 + -1 + (-3 - 0)
1
What is the value of -7 + 3 + (1 - 0)?
-3
Evaluate 6 - ((10 - -2) + -3) - 0.
-3
Evaluate 2 - (12 - 10 - (-4 - 1)).
-5
-10 - (4 - 10) - -8
4
Calculate 4 + 1 + -3 + 1 - -1.
4
What is 11 - (1 - -20 - 11)?
1
Calculate (0 + 1 - -2) + 1 + -4.
0
9 + -6 - (2 - -1)
0
Evaluate 0 - (-1 - 1) - 6.
-4
What is 0 + -3 + (7 - 3)?
1
What is the value of (-13 - -26 - 11) + -6?
-4
Calculate -3 + -2 + 2 + (-3 - -1).
-5
Calculate 0 + 1 + -3 + (5 - -2).
5
What is -42 + 51 - (0 - -7)?
2
Calculate 4 + 7 - (0 - -8).
3
(-1 - -4) + (-12 - -12)
3
-1 + 3 + 3 + -7 - 3
-5
What is -1 + (0 - 1 - -6)?
4
What is (-2 + 6 - 11) + (30 - 15)?
8
15 + -1 + -6 - 8
0
Calculate (-2 + 1 - -5) + (-3 - -3).
4
Calculate 18 + -22 + (-2 - 0) + -2.
-8
(-5 - 2) + (0 - -4)
-3
1 - (0 - 3 - -2 - 1)
3
What is the value of 11 + 9 + -13 + 1 + -1?
7
Evaluate 3 - (1 - 3 - -3).
2
What is -4 - (3 - (3 - -10))?
6
2 + (0 - -2) + 1
5
Calculate 8 - (24 - 6) - -5.
-5
Evaluate 0 + 1 + -2 + -3.
-4
What is (0 + -1 - -5) + -22 + 19?
1
What is the value of 1 + -5 + 5 + -4?
-3
Calculate 8 - ((-11 - -4) + 14).
1
(0 - 8 - -21) + -12
1
What is 1 - (5 + 1) - -5?
0
Evaluate 7 - ((-4 - -4) + -2 + 5).
4
What is -1 - (-4 + 1 - (6 + -6))?
2
-1 - 0 - (7 + -2 - 3)
-3
Evaluate 3 + 2 + -18 + 15 - 4.
-2
What is -10 + 7 - (1 + -1)?
-3
Evaluate 1 + 0 + -5 + (53 - 50).
-1
Evaluate -3 + 3 - (0 - 1).
1
What is -11 + (-6 - -4 - -6)?
-7
Evaluate (-12 - -2) + (-31 - -41).
0
Evaluate 1 - -2 - (-32 + 37).
-2
What is the value of -3 + 1 - -3 - -2?
3
Evaluate 7 + -1 + -1 + -7 + 1.
-1
What is 1 - (2 + -3 + 0)?
2
8 - (1 - 0 - -2)
5
What is -6 - (4 - (-2 - -7))?
-5
(4 - 7 - -1) + 0 + -1
-3
What is the value of (1 - ((0 - 3) + 6)) + -2?
-4
0 - -1 - 2 - -2
1
What is the value of 0 + (-5 - -11) - (-1 - -2)?
5
-5 - -18 - 8 - (4 - -2)
-1
Calculate 0 + (-9 - -3) + 12 - 4.
2
5 + (-1 - (2 + 3 - 3))
2
What is 3 - ((5 - 7 - -2) + 5)?
-2
What is 5 - (3 + 0 - -2 - 0)?
0
Calculate (0 - 5) + 180 + -181.
-6
Calculate 4 - ((7 - 4) + 3 + 0).
-2
1 - (7 - (4 + 0))
-2
Evaluate 2 - -1 - (-17 - -24).
-4
What is (-2 - -4) + -4 + 2 + 0?
0
7 + -1 + -4 + 2
4
-2 + (-4 - -4 - -1) + 3
2
What is the value of (5 - (1 + 6)) + -3?
-5
What is 1 + (-4 - -4) - 2?
-1
What is the value of 37 + -39 + (6 - 1)?
3
What is (-3 + 1 - -1) + (-2 - -7)?
4
(-2 - 7 - 0) + (4 - -1)
-4
Calculate -5 + 4 + -3 - -2 - 2.
-4
1 + (-2 - (2 - 3)) - -5
5
Calculate 5 + (-2 - -2) - (-10 + 17).
-2
What is the value of (7 - 10) + 10 - (4 - -3)?
0
What is the value of -13 - -4 - (4 + -8)?
-5
What is the value of (-6 - (8 + -11)) + 12 + 1?
10
-6 + 0 - (4 - 10)
0
What is the value of 2 + -4 - -5 - (11 - 15)?
7
Calculate -4 + -7 + 0 + 14.
3
Calculate (-185 - -184) + -3 + -2 + 1.
-5
2 - (8 + -17) - 9
2
What is the value of -16 + 11 + 5 + -3?
-3
Calculate 3 + -8 - (4 + 1 + -5).
-5
(-6 + (9 - 0) - -3) + 2
8
Evaluate 16 + 0 - (12 + -1).
5
Evaluate -4 + (-2 - -3) - -6.
3
0 + 1 - (-1 - (3 - 9))
-4
Evaluate -7 - (-11 + (-2 - -7) + 1).
-2
What is -6 - 2 - (-1 + 1) - -3?
-5
Calculate -2 + -8 + 7 - -5.
2
What is the value of (-7 - -4) + (5 - 0)?
2
Calculate 1 - (5 + 1 - -1 - 4).
-2
What is -13 + 24 + -10 + -10?
-9
Evaluate 1 - (1 + 0 + -5 - -9).
-4
Evaluate 1 - (1 + -2) - 2.
0
6 - (-3 - (-3 + -5 - -3))
4
Evaluate -4 - (-5 - -4) - -5 - 1.
1
Evaluate 2 + (-5 + 5 - (-3 - -1)).
4
Calculate 2 + (5 + -5 - 4).
-2
(-1 - (-2 + 2)) + 106 + -101
4
What is the value of 1 + (-6 - -2) + 2 - 0?
-1
Calculate -1 - ((5 - (0 - -2)) + 0).
-4
Calculate -4 + 1 - (28 + -26).
-5
What is the value of 12 - (-5 - -12) - (0 - 0)?
5
Calculate (0 - -1) + (-3 - -3) + -5.
-4
What is the value of -2 + -1 + 4 + (-3 - -5)?
3
What is (-1 - -3) + -1 - (-4 + 1)?
4
What is the value of -3 - (3 + -2 - (-4 - -5))?
-3
What is the value of (-3 + 0 - -6) + -7 + -4?
-8
-5 - (-9 + (8 - 4))
0
Evaluate -10 + (-2 + 8 - (7 + -4)).
-7
1 - (4 + (4 - 9 - -1))
1
0 - -3 - (2 + 0)
1
Calculate 6 - (-3 - -2 - -9) - -6.
4
Calculate (-1 - -6) + -2 + -11.
-8
What is the value of 3 + -3 + 0 + (-1 - 0)?
-1
Evaluate 10 - (5 + (11 - 3) - 5).
2
What is 3 + -2 + -7 + 5 + 3?
2
What is (2 - -1) + 0 + (-62 - -68)?
9
-2 - (3 + -2 + 3)
-6
Evaluate 4 - 2 - -6 - (5 + 0).
3
What is the value of 0 - -9 - 8 - 1?
0
What is -9 + 2 - (-13 - -4)?
2
Calculate -5 - (3 + (-4 - (1 + 1))).
-2
0 + 1 + (-16 - -12) - -3
0
(-3 - (1 + (-11 - -3))) + -7
-3
Evaluate (0 + 6 - 2) + (6 - 17).
-7
What is the value of -17 - (18 - 15 - (15 + -5))?
-10
3 + 0 + (10 - 11)
2
Calculate (-1 - 1) + 1 + (-3 - -8).
4
Calculate 11 - (1 + 2 + 17).
-9
Evaluate 0 - ((-2 - -1) + -2).
3
Calculate 0 + -2 + -4 + 9.
3
What is the value of 4 + 0 + -2 - (-3 - -2)?
3
What is the value of 6 - (7 + (4 - 5))?
0
What is the value of 4 + (-10 - -14 - (-1 + 6))?
3
What is (1 - -6 - -6) + -8?
5
What is the value of -5 + 4 - (-4 + -3 + -1)?
7
Calculate -8 - (2 + -1 + -1).
-8
What is 2 - 0 - -4 - (10 - 7)?
3
What is -1 - (-5 + 2) - (11 + -5)?
-4
1 - 0 - -4 - (-1 - -1)
5
Evaluate -1 + -1 - (-1 + 0).
-1
Calculate (-1 - 14) + 120 + -112.
-7
-3 + (-2 - (-2 - (-1 - -4)))
0
What is 4 + -7 + 4 + -5 + 3?
-1
What is the value of -8 + (-4 - (-2 + -8))?
-2
Calculate (-2 - -2) + (3 - 2).
1
What is the value of -13 + -2 + 10 + 1 + -1?
-5
What is the value of (34 - 34) + -8 + 2?
-6
Evaluate 13 + (-10 - 2) - (1 - -4).
-4
What is 5 - (12 - 3 - 9)?
5
What is the value of 0 + (1 - 0) + -1 - -2?
2
What is the value of 2 + 0 - (-6 + 5)?
3
Calculate -4 + 4 + -6 + 9.
3
What is -26 + 7 + 7 - -7?
-5
What is -19 + (5 - -1) - -4?
-9
What is -4 + 2 + 10 + (3 - 6)?
5
Calculate (0 - 12) + 4 + (-3 - -4).
-7
What is -23 - (-34 + -3) -